35. Let j be (0 - b)*35/25*5. Let h(a) = -a + 1. What is h(j)?
-6
Let a(t) = t**3 - 6*t**2 - 8*t + 10. Let y = -20 - -25. Suppose 11 = 2*c + 3*m, 0*m = -y*c - m + 34. What is a(c)?
3
Let r(k) = k**2 + 8 + 5 - 19. Give r(0).
-6
Suppose -3 = n, 0*s - 5 = s + n. Let g(z) = -10*z - 1. What is g(s)?
19
Let j = 15 + -19. Suppose 2*u + 4*b = 12, 4*b - 6 = u - 0. Let d(l) = 2*l**2 + l - l**u + 4*l. Determine d(j).
-4
Let t(j) = j**2 + 2*j + 5. Let c be t(0). Suppose 5*z = 25 + c. Let v(n) = -n**3 + 6*n**2 + 4*n + 2. Give v(z).
26
Let w(g) = -g - 2. Let q(z) = 9*z**2 + z + 4. Let m be q(-2). Let i = m + -38. Give w(i).
-2
Let d(r) = -r**2 - 1 - 2*r**3 - 2 + 3*r**2 - r**2 + 4*r. Let t be (8/(-6))/((-36)/54). Calculate d(t).
-7
Let z(o) = 3*o**2 - 2*o - 2. Let i(q) = q**3 + 12*q**2 - 2*q - 22. Suppose -24 = -2*g + 4*g. Let t be i(g). Give z(t).
6
Let n(k) = 3*k**3 + k**2 - 5*k + 2. Let c(t) = t**3 - t**2 + t + 1. Let y(q) = 2*c(q) - n(q). Determine y(-5).
15
Let b(d) be the first derivative of -d**3/3 - 3*d**2 + 3*d + 158. Give b(-6).
3
Suppose 4*h = -0*h + 40. Suppose h = m + m. Suppose -k - 2*p + 11 = 0, m*k + p - 4*p = 16. Let u(x) = -x**2 + 5*x + 3. What is u(k)?
3
Let a(u) = u**3 + 20*u**2 - 6*u - 116. Let l be a(-20). Let x(c) = -c**3 + c**2 + 5*c + 1. Determine x(l).
-27
Let u(c) = -2*c**2 + 4*c + 1. Let x(w) = w**2 + 13*w + 8. Let q be 8/(-24) + 38/(-3). Let o be x(q). Let j be (-4)/o - 21/(-6). Calculate u(j).
-5
Let c(m) be the first derivative of m**3/3 + 3*m**2 - 3*m - 69. Give c(-7).
4
Let p(c) = c**3 - c**2 - 3*c + 3. Let w(j) = -j**2 - 10 - 8*j + j**2 - j**2. Let l be w(-6). Suppose 2*g + l = 6. Determine p(g).
1
Let z(c) be the third derivative of -c**7/1260 - c**6/720 - 7*c**5/20 + 2*c**2. Let d(a) be the third derivative of z(a). Calculate d(2).
-9
Let t(k) = -k**2 + k + 1. Let i(g) = g**3 - 7*g**2 - 9*g + 12. Let f be i(8). Suppose 0 = -f*c - 1 + 5. Let r(y) = -y**3 + 2*y**2. Let o be r(c). What is t(o)?
1
Let q(v) be the third derivative of v**5/60 - 5*v**4/24 - v**3/3 - v**2. Suppose -4*g + 0 = -40. Let k = 15 - g. What is q(k)?
-2
Suppose 579 = 7*m + 551. Let j be 0/(-1) + 5 + -2. Let p(w) = -2 - 2*w**2 - w**j + 0*w**2 + 5*w**2 + 4*w. Give p(m).
-2
Let c(x) = 11*x + 8. Let a(g) = -g - 2. Let d(i) = 6*a(i) + c(i). Give d(-3).
-19
Let w(l) be the second derivative of l**3/6 + l**2 - 32*l + 3. Calculate w(-8).
-6
Let i(y) = -17*y**3 + y**2. Let b(n) = 2*n**2 - 56*n - 59. Let z be b(29). Calculate i(z).
18
Let c(j) = 2*j + 12. Let t(r) = -2*r + 49. Let b be t(28). Let v(m) = 4*m + 25. Let k(o) = b*c(o) + 3*v(o). Determine k(-6).
3
Let p(c) = -c + 21. Let g be p(9). Let v = g + -8. Let d(z) = -z**3 + 4*z**2 - 4. Give d(v).
-4
Let s(x) be the first derivative of x**4/4 + 6*x - 1. Let u = 97 + -99. Let y be (5 + (-12)/4 + u)/(-1). Determine s(y).
6
Let f(q) = q**3 + 7*q**2 + 8*q + 8. Let c(z) = -z**2 - 3*z + 2. Let u be c(-5). Let d = -4 - u. Suppose -3*n - 4*h - 26 = 0, n + 0*h = h - d. Determine f(n).
-4
Let p = 9 + 0. Suppose 5*u - p = 1. Let q(l) = -2*l**2 + l**2 + 18*l**u - l**2. Give q(1).
16
Let y(a) = -2*a - 19. Let i be (13 + 40/(-8))/(1/(-2)). Give y(i).
13
Let n(h) = -h**2. Suppose c - 5*r + 0 - 3 = 0, 4*r + 12 = -4*c. Calculate n(c).
-4
Let a(z) = z**2 - 3*z. Let m be (2 - -20) + 10/2. Suppose -m = -11*b + 6. Calculate a(b).
0
Let x(v) = 13*v + 1 + 1 - 6 + 9*v**2 + 0. Let l(f) = -8*f**2 - 12*f + 3. Let y(c) = 7*l(c) + 6*x(c). Give y(-5).
-23
Let a(h) be the first derivative of h**3/3 + h**2/2 + 2*h - 102. What is a(-2)?
4
Let w(g) = -g**3 + 3*g**2 + 4*g - 1. Suppose 0 = 26*n - 19*n - 35. Calculate w(n).
-31
Let v(y) = 93 - 13 + y**2 - 23 - 24 - 25 + 7*y. What is v(-5)?
-2
Let r(s) = s**2. Suppose 2 = 2*n - 4*n. Let t(v) = -5*v**2 + 1. Let g(d) = n*t(d) - 4*r(d). Determine g(-1).
0
Let f(n) = -2*n**3 + 3*n**2 - n - 2. Let l(g) = -g**2 + 12*g - 10. Let r be l(5). Let v be 2/10 - (-45)/r. Give f(v).
-8
Let q(k) = -k**2 + 13*k - 9. Let n(u) = u**2 - 24*u - 134. Let y be n(29). What is q(y)?
13
Let c(s) = -s**2 + 9*s - 1. Let a = -136 + 144. Calculate c(a).
7
Let u = 247 - 240. Let b(n) = -n**2 + 9*n + 2. Give b(u).
16
Suppose -3*z = -5*t - 55, 5*z - 2*t = -t + 77. Let r = z - 12. Suppose -8 = -d - r. Let s(f) = -f**3 + 5*f**2 - 2*f + 3. Give s(d).
-7
Let z(k) = -k**3 - 6*k**2 - 3*k - 3. Suppose 3*h + 2*h + 40 = -5*n, 4*n - 2*h = -20. Determine z(n).
15
Suppose -2*f = -73 + 5. Suppose 12 = -2*h + f. Let o = 11 - h. Let n(a) = -a**3 + a**2 - a - 3. Calculate n(o).
-3
Let p(i) = -11*i**2 - i. Suppose 3*c - 12 = -4*l + 7*c, l - 15 = 4*c. Give p(l).
-10
Let q(i) = -i**2 + 7*i - 3. Suppose m - c = 8, c - 4*c = 12. Suppose -2*z = -4 - m. Determine q(z).
9
Let h(u) = -u**3 + 3*u**2 + 4*u + 2. Let k be h(4). Let q(b) = -6 + 6 + 1 - 2 + 15*b. What is q(k)?
29
Let j(q) = q**2 + 6*q - 2. Let z(v) = -v**2 - 2*v - 7. Let f be -1*0*(-5)/10. Let w be z(f). Give j(w).
5
Let c(z) = -29*z - 51. Let n(b) = -20*b - 35. Let a(u) = 5*c(u) - 7*n(u). What is a(-4)?
10
Let d(n) be the third derivative of 0*n + 1/24*n**4 + n**2 - 5/6*n**3 + 0. Let g be -2 + 5 + (-2 + 3)*3. Give d(g).
1
Let x(h) be the third derivative of h**5/60 + h**4/12 - h**3 - 9*h**2 + 1. Calculate x(6).
42
Let l(x) = -x**3 + 7*x**2 - 8*x + 8. Let n be l(6). Let j be n/6 - 70/(-42). Let f(k) = -5*k**3 + k**2 - k. Give f(j).
-5
Let x(h) be the second derivative of -h**7/840 - h**5/40 - h**4/8 + 14*h**3/3 - 4*h - 2. Let f(j) be the second derivative of x(j). Determine f(-2).
11
Let t(k) be the third derivative of k**4/12 + 3*k**3/2 + 3*k**2. Let f(i) = i + 7. Let d be f(-13). Give t(d).
-3
Let y(i) = 16 - 1 - i - 2*i + i - 16. Suppose 0 = -l + 5. Determine y(l).
-11
Let d(p) = p**3 - 6*p**2 + 5*p + 3. Let l be ((-5)/(-2))/(((-9)/(-3))/6). Give d(l).
3
Let s = 26 - 17. Let h = 11 - s. Let k(r) = h*r**3 - 3*r**2 - 4*r + r**3 - 2*r**3 + 2*r**2 - 1. Calculate k(3).
5
Suppose 0 = 2*y - 2 + 10. Let m = 1 + y. Let q(s) = 9*s**2 + 10*s - 6. Let u(n) = -8*n**2 - 9*n + 5. Let r(c) = 6*q(c) + 7*u(c). Give r(m).
-10
Let v(x) = x**3 + x**2 + 2*x + 3. Suppose -20*t - 14 = -13*t. Calculate v(t).
-5
Let h(z) = z**2 + z - 7. Let p(r) = -r**2 - r - 1. Let i(l) = -h(l) - 2*p(l). What is i(0)?
9
Let k(v) = v**3 + 6*v**2 - 6*v - 10. Let m(u) = u**3 - 3*u**2 + u - 1. Let j(w) = -k(w) + 2*m(w). What is j(11)?
-25
Let v(l) = -2*l - 3. Let p(f) = -f - 2. Suppose 9*k + 37 = 4*k + o, -2*k = -3*o + 20. Let g(a) = k*p(a) + 4*v(a). Let j = -9 + 7. Give g(j).
4
Let m(g) be the first derivative of g**3/3 + 5*g**2/2 + 2*g - 18. Let b be m(-4). Let v(c) = -c**2 + c + 2. What is v(b)?
-4
Let x(w) = -w**2 + 4*w + 5. Suppose -2*h = -2, d = -4*h + 32 - 22. Determine x(d).
-7
Let h(z) = z**3 - z**2 - z + 1. Let p be h(2). Let m(y) be the second derivative of -7*y**3/6 + 2*y**2 + 405*y. Determine m(p).
-17
Let i(h) be the third derivative of -h**6/120 - h**5/15 + 7*h**4/24 + h**3/3 + 2*h**2 + 2. What is i(-5)?
-8
Let k(a) = a**2 - 6*a + 3. Let m(c) = -6*c**2 + 33*c - 16. Let p(j) = -17*k(j) - 3*m(j). Suppose 0 = -4*w - 0 - 16. Determine p(w).
1
Let d(j) = 3*j - 10. Let y be d(5). Suppose -18 = -y*q - 3*k, 6*q - q - 11 = 4*k. Let n(u) = -u**2 - 2*u + 4. Determine n(q).
-11
Let y(o) = 9*o. Let q(z) = -24*z + 1. Let a(b) = -4*q(b) - 11*y(b). Give a(2).
-10
Let v = 295 + -294. Let m(z) be the first derivative of -2*z**4 + z**3/3 - 1. Give m(v).
-7
Let v(m) = 15*m - 2. Suppose 4*j - 7 = -3*c + 6, 0 = -2*c - 5*j + 11. Give v(c).
43
Let s(i) = -21*i**2 + 22*i**2 + 2*i + 2 + 0*i. Calculate s(-1).
1
Let g(z) be the third derivative of -z**4/3 + 2*z**2 - 65. What is g(1)?
-8
Let o(w) be the second derivative of -w**3/6 + 3*w**2 + 45*w - 2. What is o(12)?
-6
Let n(q) = -q**3 + 9*q**2 + q - 8. Suppose -146 + 722 = 4*c. Let i = c + -135. Calculate n(i).
1
Let h = -118 + 112. Let q(s) = -2*s - 12. Calculate q(h).
0
Let j(p) = -29*p + 13. Let x(f) = -53*f + 26. Let l(r) = -11*j(r) + 6*x(r). Let z = -5 + 5. Calculate l(z).
13
Let f(i) = 8*i**2 + i + 8 + 8*i**2 - 5*i - 3*i - 15*i**2. Give f(7).
8
Let y(r) be the third derivative of 0 - 23*r**2 - 1/60*r**5 + 1/6*r**4 - 1/6*r**3 + 0*r. Determine y(4).
-1
Suppose -39*u + 9 = 96 + 30. Let j(l) be the second derivative of -l**4/6 - 5*l**3/6 - 2*l**2 - l. Give j(u).
-7
Suppose 9*u + 35 = 4*u. Let